	{"id":1480,"date":"2018-04-16T16:01:20","date_gmt":"2018-04-16T16:01:20","guid":{"rendered":"http:\/\/bitther.nanothemes.co\/?page_id=1480"},"modified":"2023-08-22T00:14:43","modified_gmt":"2023-08-21T22:14:43","slug":"home-3","status":"publish","type":"page","link":"https:\/\/www.e-citoyenne.org\/","title":{"rendered":"ACCUEIL"},"content":{"rendered":"<p>[vc_row css=\u00a0\u00bb.vc_custom_1529569082851{margin-top: -15px !important;margin-bottom: 50px !important;background-position: center !important;background-repeat: no-repeat !important;background-size: cover !important;}\u00a0\u00bb][vc_column]        <div class=\"box-sliders article-carousel sliders-column3\" data-rtl=\"false\"  data-number=\"1\" data-mobile = \"1\" data-table=\"1\" data-mobilemin = \"1\" data-dots=\"false\" data-arrows=\"false\">\n                                                                    <div class=\"rows\">\n                        <div class=\"archive-blog article-grid clearfix\">\n                                                        <div class=\"col-sm-12 col-md-8 box-large article-item\">\n                                <article class=\"post-item post-tran clearfix post-12182 post type-post status-publish format-standard has-post-thumbnail hentry category-au-lecteur-trice-s category-lecole-de-la-jeune-fille category-la-loi-et-moi category-projet-maison-de-la-jeune-fille category-vbg\">\n    <div class=\"article-tran hover-share-item\">\n                                                        <div class=\"post-image lazy\" style = \"background-image:url(&#039;https:\/\/www.e-citoyenne.org\/wp-content\/uploads\/2025\/10\/Visuel-E-Education-10-scaled.jpg&#039;)\">\n                        <a href=\"https:\/\/www.e-citoyenne.org\/index.php\/2025\/10\/24\/e-education-citoyenne-mobilise-les-talents-du-numerique-pour-renforcer-la-lutte-contre-les-vbg-a-labe\/\"><\/a>\n                    <\/div>\n                                <span class=\"bg-rgb\"><\/span>\n\t\t\t\t<span class=\"post-cat\">                <a href=\"https:\/\/www.e-citoyenne.org\/index.php\/category\/au-lecteur-trice-s\/\"   title=\"\" >INFORMATION<\/a>\n                            ,                 <a href=\"https:\/\/www.e-citoyenne.org\/index.php\/category\/lecole-de-la-jeune-fille\/\"  title=\"\" >L\u2019\u00e9cole de la jeune fille<\/a>\n            ,                 <a href=\"https:\/\/www.e-citoyenne.org\/index.php\/category\/la-loi-et-moi\/\"  title=\"\" >La loi et moi<\/a>\n            ,                 <a href=\"https:\/\/www.e-citoyenne.org\/index.php\/category\/projet-maison-de-la-jeune-fille\/\"  title=\"\" >PROJET MAISON DE LA JEUNE FILLE<\/a>\n            ,                 <a href=\"https:\/\/www.e-citoyenne.org\/index.php\/category\/vbg\/\"  title=\"\" >VBG<\/a>\n            <\/span>\n                <div class=\"article-content   hidden-view\">\n\t\t\t\t\t<div class=\"article-content-inner\">\n\t\t\t\t\t\t<div class=\"entry-header clearfix\">\n\t\t\t\t\t\t\t<div class=\"entry-header-title\">\n                                <div class=\"article-meta clearfix\">\n                                    <span class=\"byline author-title\"><span class=\"ti-minus\"><\/span><span class=\"by\">By<\/span><span class=\"author vcard\"><span class=\"screen-reader-text\">Author <\/span><a class=\"url fn n\" href=\"https:\/\/www.e-citoyenne.org\/index.php\/author\/eecitoyenne\/\">eecitoyenne<\/a><\/span><\/span><span class=\"posted-on\"><i class=\"icon ti-calendar\" aria-hidden=\"true\"><\/i><span class=\"screen-reader-text\">Posted on <\/span><a href=\"https:\/\/www.e-citoyenne.org\/index.php\/2025\/10\/24\/e-education-citoyenne-mobilise-les-talents-du-numerique-pour-renforcer-la-lutte-contre-les-vbg-a-labe\/\" rel=\"bookmark\"><time class=\"entry-date published\" datetime=\"2025-10-24T05:58:05+02:00\">24 octobre 2025<\/time><time class=\"updated\" datetime=\"2025-10-24T10:27:56+02:00\">24 octobre 2025<\/time><\/a><\/span>\t<div class=\"entry-meta-right\">\n\t\t\t\t\t\t\t<span class=\"comments-link\">\n\t\t\t\t<a href=\"https:\/\/www.e-citoyenne.org\/index.php\/2025\/10\/24\/e-education-citoyenne-mobilise-les-talents-du-numerique-pour-renforcer-la-lutte-contre-les-vbg-a-labe\/#respond\" class=\"text-comment\"><i class=\"icon ti-comment-alt\" aria-hidden=\"true\"><\/i> 0<\/a>\n\t\t\t<\/span>\n\t\t\t<\/div>\n\n                                <\/div>\n                                <h3 class=\"entry-title\"><a href=\"https:\/\/www.e-citoyenne.org\/index.php\/2025\/10\/24\/e-education-citoyenne-mobilise-les-talents-du-numerique-pour-renforcer-la-lutte-contre-les-vbg-a-labe\/\" rel=\"bookmark\">E-\u00c9ducation Citoyenne mobilise les talents du num\u00e9rique pour renforcer la lutte contre les VBG \u00e0 Lab\u00e9<\/a><\/h3>\t\t\t\t\t\t\t<\/div>\n\t\t\t\t\t\t<\/div>\n\n\t\t\t\t\t<\/div>\n                <\/div>\n                        <\/div>\n\n<\/article><!-- #post-## -->\n                            <\/div>\n                                                                                                                        <div class=\"col-sm-6 col-xs-6 col-md-4 box-small article-item description-hidden\">\n                            <article class=\"post-item post-tran clearfix post-12173 post type-post status-publish format-standard has-post-thumbnail hentry category-au-lecteur-trice-s category-lecole-de-la-jeune-fille category-la-loi-et-moi category-projet-maison-de-la-jeune-fille category-vbg\">\n    <div class=\"article-tran hover-share-item\">\n                                                        <div class=\"post-image lazy\" style = \"background-image:url(&#039;https:\/\/www.e-citoyenne.org\/wp-content\/uploads\/2025\/10\/DSC_0008-scaled.jpg&#039;)\">\n                        <a href=\"https:\/\/www.e-citoyenne.org\/index.php\/2025\/10\/23\/maison-de-la-jeune-fille-un-espace-pour-liberer-la-parole-et-defendre-les-droits-des-femmes\/\"><\/a>\n                    <\/div>\n                                <span class=\"bg-rgb\"><\/span>\n\t\t\t\t<span class=\"post-cat\">                <a href=\"https:\/\/www.e-citoyenne.org\/index.php\/category\/au-lecteur-trice-s\/\"   title=\"\" >INFORMATION<\/a>\n                            ,                 <a href=\"https:\/\/www.e-citoyenne.org\/index.php\/category\/lecole-de-la-jeune-fille\/\"  title=\"\" >L\u2019\u00e9cole de la jeune fille<\/a>\n            ,                 <a href=\"https:\/\/www.e-citoyenne.org\/index.php\/category\/la-loi-et-moi\/\"  title=\"\" >La loi et moi<\/a>\n            ,                 <a href=\"https:\/\/www.e-citoyenne.org\/index.php\/category\/projet-maison-de-la-jeune-fille\/\"  title=\"\" >PROJET MAISON DE LA JEUNE FILLE<\/a>\n            ,                 <a href=\"https:\/\/www.e-citoyenne.org\/index.php\/category\/vbg\/\"  title=\"\" >VBG<\/a>\n            <\/span>\n                <div class=\"article-content   hidden-view\">\n\t\t\t\t\t<div class=\"article-content-inner\">\n\t\t\t\t\t\t<div class=\"entry-header clearfix\">\n\t\t\t\t\t\t\t<div class=\"entry-header-title\">\n                                <div class=\"article-meta clearfix\">\n                                    <span class=\"byline author-title\"><span class=\"ti-minus\"><\/span><span class=\"by\">By<\/span><span class=\"author vcard\"><span class=\"screen-reader-text\">Author <\/span><a class=\"url fn n\" href=\"https:\/\/www.e-citoyenne.org\/index.php\/author\/eecitoyenne\/\">eecitoyenne<\/a><\/span><\/span><span class=\"posted-on\"><i class=\"icon ti-calendar\" aria-hidden=\"true\"><\/i><span class=\"screen-reader-text\">Posted on <\/span><a href=\"https:\/\/www.e-citoyenne.org\/index.php\/2025\/10\/23\/maison-de-la-jeune-fille-un-espace-pour-liberer-la-parole-et-defendre-les-droits-des-femmes\/\" rel=\"bookmark\"><time class=\"entry-date published\" datetime=\"2025-10-23T18:39:51+02:00\">23 octobre 2025<\/time><time class=\"updated\" datetime=\"2025-10-23T20:26:43+02:00\">23 octobre 2025<\/time><\/a><\/span>\t<div class=\"entry-meta-right\">\n\t\t\t\t\t\t\t<span class=\"comments-link\">\n\t\t\t\t<a href=\"https:\/\/www.e-citoyenne.org\/index.php\/2025\/10\/23\/maison-de-la-jeune-fille-un-espace-pour-liberer-la-parole-et-defendre-les-droits-des-femmes\/#respond\" class=\"text-comment\"><i class=\"icon ti-comment-alt\" aria-hidden=\"true\"><\/i> 0<\/a>\n\t\t\t<\/span>\n\t\t\t<\/div>\n\n                                <\/div>\n                                <h3 class=\"entry-title\"><a href=\"https:\/\/www.e-citoyenne.org\/index.php\/2025\/10\/23\/maison-de-la-jeune-fille-un-espace-pour-liberer-la-parole-et-defendre-les-droits-des-femmes\/\" rel=\"bookmark\">Maison de la Jeune Fille : un espace pour lib\u00e9rer la parole et d\u00e9fendre les droits des femmes<\/a><\/h3>\t\t\t\t\t\t\t<\/div>\n\t\t\t\t\t\t<\/div>\n\n\t\t\t\t\t<\/div>\n                <\/div>\n                        <\/div>\n\n<\/article><!-- #post-## -->\n                        <\/div>\n                                                                                                                   <div class=\"col-sm-6 col-xs-6 col-md-4 box-small article-item description-hidden\">\n                            <article class=\"post-item post-tran clearfix post-12158 post type-post status-publish format-standard has-post-thumbnail hentry category-au-lecteur-trice-s category-lecole-de-la-jeune-fille category-la-loi-et-moi category-projet-maison-de-la-jeune-fille category-vbg\">\n    <div class=\"article-tran hover-share-item\">\n                                                        <div class=\"post-image lazy\" style = \"background-image:url(&#039;https:\/\/www.e-citoyenne.org\/wp-content\/uploads\/2025\/10\/WhatsApp-Image-2025-10-22-at-11.02.29.jpeg&#039;)\">\n                        <a href=\"https:\/\/www.e-citoyenne.org\/index.php\/2025\/10\/22\/entrepreneuriat-feminin-vaincre-la-peur-pour-simposer-dans-la-societe\/\"><\/a>\n                    <\/div>\n                                <span class=\"bg-rgb\"><\/span>\n\t\t\t\t<span class=\"post-cat\">                <a href=\"https:\/\/www.e-citoyenne.org\/index.php\/category\/au-lecteur-trice-s\/\"   title=\"\" >INFORMATION<\/a>\n                            ,                 <a href=\"https:\/\/www.e-citoyenne.org\/index.php\/category\/lecole-de-la-jeune-fille\/\"  title=\"\" >L\u2019\u00e9cole de la jeune fille<\/a>\n            ,                 <a href=\"https:\/\/www.e-citoyenne.org\/index.php\/category\/la-loi-et-moi\/\"  title=\"\" >La loi et moi<\/a>\n            ,                 <a href=\"https:\/\/www.e-citoyenne.org\/index.php\/category\/projet-maison-de-la-jeune-fille\/\"  title=\"\" >PROJET MAISON DE LA JEUNE FILLE<\/a>\n            ,                 <a href=\"https:\/\/www.e-citoyenne.org\/index.php\/category\/vbg\/\"  title=\"\" >VBG<\/a>\n            <\/span>\n                <div class=\"article-content   hidden-view\">\n\t\t\t\t\t<div class=\"article-content-inner\">\n\t\t\t\t\t\t<div class=\"entry-header clearfix\">\n\t\t\t\t\t\t\t<div class=\"entry-header-title\">\n                                <div class=\"article-meta clearfix\">\n                                    <span class=\"byline author-title\"><span class=\"ti-minus\"><\/span><span class=\"by\">By<\/span><span class=\"author vcard\"><span class=\"screen-reader-text\">Author <\/span><a class=\"url fn n\" href=\"https:\/\/www.e-citoyenne.org\/index.php\/author\/eecitoyenne\/\">eecitoyenne<\/a><\/span><\/span><span class=\"posted-on\"><i class=\"icon ti-calendar\" aria-hidden=\"true\"><\/i><span class=\"screen-reader-text\">Posted on <\/span><a href=\"https:\/\/www.e-citoyenne.org\/index.php\/2025\/10\/22\/entrepreneuriat-feminin-vaincre-la-peur-pour-simposer-dans-la-societe\/\" rel=\"bookmark\"><time class=\"entry-date published\" datetime=\"2025-10-22T13:21:37+02:00\">22 octobre 2025<\/time><time class=\"updated\" datetime=\"2025-10-23T18:41:16+02:00\">23 octobre 2025<\/time><\/a><\/span>\t<div class=\"entry-meta-right\">\n\t\t\t\t\t\t\t<span class=\"comments-link\">\n\t\t\t\t<a href=\"https:\/\/www.e-citoyenne.org\/index.php\/2025\/10\/22\/entrepreneuriat-feminin-vaincre-la-peur-pour-simposer-dans-la-societe\/#respond\" class=\"text-comment\"><i class=\"icon ti-comment-alt\" aria-hidden=\"true\"><\/i> 0<\/a>\n\t\t\t<\/span>\n\t\t\t<\/div>\n\n                                <\/div>\n                                <h3 class=\"entry-title\"><a href=\"https:\/\/www.e-citoyenne.org\/index.php\/2025\/10\/22\/entrepreneuriat-feminin-vaincre-la-peur-pour-simposer-dans-la-societe\/\" rel=\"bookmark\">Entrepreneuriat f\u00e9minin : \u201cVaincre la peur pour s\u2019imposer dans la soci\u00e9t\u00e9\u201d<\/a><\/h3>\t\t\t\t\t\t\t<\/div>\n\t\t\t\t\t\t<\/div>\n\n\t\t\t\t\t<\/div>\n                <\/div>\n                        <\/div>\n\n<\/article><!-- #post-## -->\n                        <\/div>\n                                                                     <\/div>\n                       <\/div>\n                                                           <\/div>\n        \n\n\n[\/vc_column][\/vc_row][vc_row css=\u00a0\u00bb.vc_custom_1523892410511{padding-right: 0px !important;padding-bottom: 90px !important;padding-left: 0px !important;}\u00a0\u00bb][vc_column width=\u00a0\u00bb1\/2&Prime; css=\u00a0\u00bb.vc_custom_1675290209131{padding-left: 50px !important;}\u00a0\u00bb offset=\u00a0\u00bbvc_col-lg-9&Prime;]\n<div class=\"wrapper-posts box-recent type-loadMore layout-list pagi-no description-show post-format-yes\" data-layout=\"list\" data-paged=\"0\" data-col=\"\" data-cat=\"au-masculin\" data-number=\"6\" data-ads=\"large-rectangle\">\n            <div class=\"dot_title box-title clearfix\">\n            <h2 class=\"title-left\">NOS DERNIERS ARTICLES<\/h2>\n                    <\/div>\n        <span class=\"agr-loading\"><\/span>\n    <div class=\"tab-content\">\n        <div id=\"allCat\" class=\"archive-blog affect-isotope row active description-show\">\n                                                <\/div>\n    <\/div>\n\n            <span id=\"loadMore\" class=\"button\">\n            Load More        <\/span>\n    <\/div>[\/vc_column][\/vc_row][vc_row][vc_column][vc_video link=\u00a0\u00bbhttps:\/\/www.youtube.com\/watch?v=U1H0qH_KZqk\u00a0\u00bb title=\u00a0\u00bbNOS VID\u00c9OS\u00a0\u00bb][\/vc_column][\/vc_row]<\/p>\n","protected":false},"excerpt":{"rendered":"<p>[vc_row css=\u00a0\u00bb.vc_custom_1529569082851{margin-top: -15px !important;margin-bottom: 50px !important;background-position: center !important;background-repeat: no-repeat !important;background-size: cover !important;}\u00a0\u00bb][vc_column][\/vc_column][\/vc_row][vc_row css=\u00a0\u00bb.vc_custom_1523892410511{padding-right: 0px !important;padding-bottom: 90px !important;padding-left: 0px !important;}\u00a0\u00bb][vc_column width=\u00a0\u00bb1\/2&Prime; css=\u00a0\u00bb.vc_custom_1675290209131{padding-left: 50px !important;}\u00a0\u00bb offset=\u00a0\u00bbvc_col-lg-9&Prime;][\/vc_column][\/vc_row][vc_row][vc_column][vc_video link=\u00a0\u00bbhttps:\/\/www.youtube.com\/watch?v=U1H0qH_KZqk\u00a0\u00bb title=\u00a0\u00bbNOS VID\u00c9OS\u00a0\u00bb][\/vc_column][\/vc_row]<\/p>\n","protected":false},"author":1,"featured_media":0,"parent":0,"menu_order":0,"comment_status":"closed","ping_status":"closed","template":"","meta":[],"_links":{"self":[{"href":"https:\/\/www.e-citoyenne.org\/index.php\/wp-json\/wp\/v2\/pages\/1480"}],"collection":[{"href":"https:\/\/www.e-citoyenne.org\/index.php\/wp-json\/wp\/v2\/pages"}],"about":[{"href":"https:\/\/www.e-citoyenne.org\/index.php\/wp-json\/wp\/v2\/types\/page"}],"author":[{"embeddable":true,"href":"https:\/\/www.e-citoyenne.org\/index.php\/wp-json\/wp\/v2\/users\/1"}],"replies":[{"embeddable":true,"href":"https:\/\/www.e-citoyenne.org\/index.php\/wp-json\/wp\/v2\/comments?post=1480"}],"version-history":[{"count":15,"href":"https:\/\/www.e-citoyenne.org\/index.php\/wp-json\/wp\/v2\/pages\/1480\/revisions"}],"predecessor-version":[{"id":12016,"href":"https:\/\/www.e-citoyenne.org\/index.php\/wp-json\/wp\/v2\/pages\/1480\/revisions\/12016"}],"wp:attachment":[{"href":"https:\/\/www.e-citoyenne.org\/index.php\/wp-json\/wp\/v2\/media?parent=1480"}],"curies":[{"name":"wp","href":"https:\/\/api.w.org\/{rel}","templated":true}]}}